ctors of t?
2, 311
What are the prime factors of 6/(-4) + 16885/22?
2, 383
Let f(z) be the first derivative of z**6/360 - z**5/40 + z**4/3 - 5*z**3/3 - 5. Let y(u) be the third derivative of f(u). What are the prime factors of y(6)?
2, 13
Let j(z) = -z**2 + 15*z + 17. List the prime factors of j(8).
73
Suppose -10*c + 90 = -4*c. Let z be 1*(3 - 2)*-1. Let t = c - z. What are the prime factors of t?
2
Let c = -55 + 525. Suppose 20*p - c = 10*p. List the prime factors of p.
47
Let z(n) = 2*n**3 - 13*n**2 - 8*n - 4. Let c be z(7). Let v(i) = -12*i + 19. What are the prime factors of v(c)?
151
Let s(o) = -4*o + 7. Let b be s(3). Let p(x) = -x**3 - 4*x**2 + x + 11. What are the prime factors of p(b)?
31
Let l(r) = -4*r**3 - r**2 - 5*r + 3. Let n be l(2). Let x = -20 - n. What are the prime factors of x?
23
Suppose -3*a = -155 + 47. Let o = a + -25. List the prime factors of o.
11
Let k = 1208 + -761. List the prime factors of k.
3, 149
Let o = 22 + -47. List the prime factors of (-4)/20 - 4755/o.
2, 5, 19
Let z(f) = f**2 - 5*f + 14. Let o be z(6). Let a = 20 + o. List the prime factors of a.
2, 5
Suppose z + 3*m = -m + 20, -m = -5*z - 5. Suppose 0*l + 3*l - 15 = z. Suppose -3*j - 4*c + 74 = 0, l*j - 4*c = 84 + 18. List the prime factors of j.
2, 11
Let t(z) = 8*z**3 - 2*z**2 - 4*z + 8. Let r be t(3). Suppose 5*w = -u - u + 978, 2*u - r = -w. List the prime factors of w.
2, 7
Let i(m) = 3 - 2 - m - 1 + 6. What are the prime factors of i(-15)?
3, 7
Let o = 30 + -24. List the prime factors of 4*o/24 + 192/2.
97
Suppose 2*b = b - 6. Let a = 62 + b. List the prime factors of a*-1*(-1)/2.
2, 7
Suppose 2*u = u + 37. Let v = u - 32. Suppose x + 45 = 5*t + 5*x, -3*x = -v*t + 10. What are the prime factors of t?
5
Let d(h) = h**3 + 4*h**2 - 8*h - 10. Let o be d(-5). Suppose 7*j - 68 = o*j. Let f = j + 19. What are the prime factors of f?
53
Suppose 2*l = 4*l - j - 271, l = 5*j + 122. Suppose 0*y = 4*s - y - 548, -2*y + l = s. List the prime factors of s.
137
Suppose p = -a + 160, 4*p - 5*a + 0*a - 649 = 0. Suppose -259 = -7*c + p. What are the prime factors of c?
2, 3, 5
Let b be (3 - 5) + (-171)/(-3). Suppose -5*q - 4*u = -121, -2*q + 0*u + 5*u = -b. Suppose -113 = -4*h - s, h - s = 2*s + q. List the prime factors of h.
2, 7
Suppose 0 = 8*i - 10*i - 3*u + 2238, 0 = i + 5*u - 1126. List the prime factors of i.
2, 3, 31
Let g = -619 - -743. List the prime factors of g.
2, 31
List the prime factors of (-1 - -17 - 9) + 453.
2, 5, 23
Let k be 3/4 + (-2)/(-8). Let q be k - (-6)/(0 + 3). Suppose 4*c = -4*g + 20, -q*g - 3*c + 17 = 2*c. List the prime factors of g.
2
Let r = -143 - 8. Let d = r + 257. List the prime factors of d.
2, 53
Let w = 32 + -26. Let x(q) = -2*q**2 + 15*q - 2. What are the prime factors of x(w)?
2
Let h = 6 + -3. Suppose -g = s - 3, -7*g + 3*g + 12 = -h*s. List the prime factors of 2 - (-56 - (0 + s)).
2, 29
Let o = -40 + 43. Suppose -8*z + 3*z + 740 = -5*p, 0 = o*z - 2*p - 443. List the prime factors of z.
3, 7
Suppose 8*h - 12 = 4*h. Suppose 7*s = h*s + 244. Suppose 17 = v - r, -3*v + 3*r = -7*v + s. What are the prime factors of v?
2
Let i be (-1 - -4)*(-1)/(-1). Let q be -1 - 2 - (113 + i). What are the prime factors of ((-2)/(-2))/((-7)/q)?
17
Let b = -237 + 354. What are the prime factors of b?
3, 13
Let f = -1008 - -1475. What are the prime factors of f?
467
Suppose 0 = 13*l - 28 + 2. Suppose w - 4 = -w. Suppose 0 = w*u - 3*h - 80, -u - l*u + 120 = -4*h. What are the prime factors of u?
2, 5
Suppose 2*n - 466 = -x, 3*n = -2*n - 25. Suppose -3*q + 9 = 0, 0 = 3*z + 2*z - 3*q - x. List the prime factors of z.
97
Let h(q) = 8*q - 7. Let b be h(-1). List the prime factors of 680/b*(3 - (-63)/(-12)).
2, 3, 17
Let s(p) = -p. Let k be s(5). List the prime factors of ((-93)/k)/(2 - 18/10).
3, 31
Let u be (-2 - -3 - -2) + -1. Suppose u*l - 34 + 10 = 0. What are the prime factors of l?
2, 3
Let z = -3569 + 6575. List the prime factors of z.
2, 3, 167
Let q(g) = 8*g + 14. Let p be q(-7). Let u = -13 - p. What are the prime factors of u?
29
Suppose 39*o = 35*o + 752. Suppose 5*j - 442 = o. List the prime factors of j.
2, 3, 7
Let r = 67 - 22. Let p(i) = i**2 + 14*i + 22. Let o be p(-12). List the prime factors of 3/(-2) - r/o.
3, 7
Let d = 1342 - 1964. Let z = d + 378. What are the prime factors of z/(-10) + (-3)/(-5)?
5
Let a(l) = -l + 4. Let r(o) = -o + 14. Let t be r(9). Let n be a(t). Let w(u) = -19*u**3 + 2*u**2 + u. List the prime factors of w(n).
2, 5
Suppose -817*d + 815*d + 790 = 0. What are the prime factors of d?
5, 79
Let q(v) = -2*v**2 + 12*v. Let s be q(6). Suppose -3*r + s + 51 = 0. Let l = -2 + r. What are the prime factors of l?
3, 5
Let v = -396 - -438. What are the prime factors of v?
2, 3, 7
Let t be 11 + -4 - (0 + 2). Suppose -t*c + 14 = -6. Suppose 4 = n, -c*s - 2*n = n - 244. List the prime factors of s.
2, 29
Let u = -39 + 44. Let d(x) = 14*x + 16. List the prime factors of d(u).
2, 43
Let t(i) = -i**3 + 2*i**2 - 4*i + 2. Let r be t(1). List the prime factors of (r - -44) + (-8)/8.
2, 3, 7
Let z(n) = 9*n - 15. Let w be z(10). Let y = w + 5. What are the prime factors of y?
2, 5
What are the prime factors of -1 + 10520/50*5?
1051
Suppose -4*z - 16 = 0, t - 873 = -0*z - z. What are the prime factors of t?
877
Let r(g) = 11*g - 50. Suppose -3*b = 4*q - 69, 0*b + 5*b - 31 = -2*q. List the prime factors of r(q).
2, 37
Let a(i) = -i**3 - i**2 - 7. Let z be a(0). Let f be (-52)/(-39)*(-1 - z). Suppose 72 = f*y - 136. List the prime factors of y.
2, 13
Let t be 7 + 2 + (-4)/(-4). Suppose -2*n + 5 = -0*n - y, n - t = 3*y. What are the prime factors of (1 - -11*2)*n?
23
Let z(h) = -h - 6. Let p be z(-8). Suppose 0 = -3*a + 5*a - p. List the prime factors of ((-132)/(-8) - a)*2.
31
Let w = 583 + -365. Let a be w/4 - 8/16. Suppose 18 = 4*o - a. List the prime factors of o.
2, 3
List the prime factors of (3 - (6 + -1)) + 2957.
3, 5, 197
Let p(y) = -y**2 + y - 1. Let h(w) = 6*w**2 + 4*w + 2. Let s(d) = h(d) + p(d). What are the prime factors of s(-4)?
61
Suppose l = 3*k + 2582 - 399, -l + k + 2173 = 0. What are the prime factors of l?
2, 271
Suppose 6916 = 2*z + 2292. List the prime factors of z.
2, 17
Let w = -52 - -206. What are the prime factors of w?
2, 7, 11
Suppose -2*o + 101 = -65. Suppose 3*c - g + o = 465, 5*c + 3*g = 632. List the prime factors of c.
127
Let m be -3*(2 - (-14)/(-6)). Suppose -6 = -3*k - 3*r, 2*r + m = -3*k + 5. Suppose k*z + 2*z = 4*f - 236, -f = -4*z - 45. What are the prime factors of f?
61
Suppose -k + 51 = -239. Suppose 2*r - 5*y - 127 = -0*r, 4*r + 2*y - k = 0. List the prime factors of r.
71
Let o(q) = q**3 - 38*q**2 + 60*q + 68. What are the prime factors of o(37)?
919
Let j(y) = -y**3 + 9*y**2 + 10*y + 1. Let k be j(10). Let x be 3 - (k - -5) - 3. What are the prime factors of (-24)/(-9)*x/(-4)?
2
Let d(j) = 7*j**3 + 25*j**2 - 45*j - 53. Let y(p) = -10*p**3 - 38*p**2 + 67*p + 79. Let w(z) = -7*d(z) - 5*y(z). What are the prime factors of w(-16)?
2, 5
Suppose -4*l + 1290 = 5*g, 0*g + 4*g - 968 = -3*l. Let a = l - 142. What are the prime factors of a?
2, 89
Suppose -1776 = -2*s + 4*u, 4*s + 3*u = 2504 + 1026. List the prime factors of s.
2, 13, 17
Suppose -4*k + n = -11, 5*n = -4*k + n + 16. Suppose -12 = 4*r - 4*p, -9 + 0 = 2*r - k*p. Suppose r*c - 30 = -c. What are the prime factors of c?
2, 3, 5
Let h(v) = -v**3 + v + 5. Let u be h(0). Let x be 1*110 - 10/u. Suppose -5*o - 28 = -x. List the prime factors of o.
2
Let g(t) = t + 2. Let a(r) = r + 1. Let z(w) = -4*a(w) + 6*g(w). Let b be z(0). List the prime factors of 294/b + (-10)/(-40).
37
Let o(g) = 4*g + 28. Let u be o(-7). Suppose u*k + 1288 = 8*k. What are the prime factors of k?
7, 23
Suppose 5*z = -25, -3*z - 442 = -3*l + 776. List the prime factors of l.
401
Suppose 4*q + b - 1450 = 0, -2*b - 2*b = 5*q - 1818. What are the prime factors of q?
2, 181
Suppose 0 = -j - 8*j + 25371. List the prime factors of j.
2819
Let x(m) be the second derivative of -m**5/20 + m**3/6 + 32*m**2 + 11*m. What are the prime factors of x(0)?
2
Let t(x) be the third derivative of -8*x**2 + 0*x - 1/60*x**5 + 0 - 1/24*x**4 + 49/6*x**3. What are the prime factors of t(0)?
7
Let v be 8/(-52) + (-1765)/(-65). Suppose 2*z - 151 + v = 0. List the prime factors of z.
2, 31